
321
In base 11, what is -24 - 1148?
-1171
In base 6, what is 2305 - -21?
2330
In base 14, what is -3 + -16?
-19
In base 2, what is 10 - 100111?
-100101
In base 8, what is 760 + -4?
754
In base 10, what is 4 + -518?
-514
In base 13, what is -147 - -2?
-145
In base 9, what is 4 - 10?
-5
In base 3, what is -120122 + 2?
-120120
In base 10, what is -162 + -3?
-165
In base 5, what is 2043 - -1?
2044
In base 16, what is -2 - -b62?
b60
In base 15, what is 4 - -82?
86
In base 16, what is -5 - 23b?
-240
In base 9, what is -43 - -2?
-41
In base 10, what is -1 - 1?
-2
In base 12, what is -5 + 36?
31
In base 6, what is -1140 + 35?
-1101
In base 3, what is 0 + 1011211?
1011211
In base 7, what is 1 + 311?
312
In base 4, what is -2 - 33132?
-33200
In base 4, what is -1311 - 10?
-1321
In base 4, what is 311 + 2?
313
In base 16, what is -b843 - -4?
-b83f
In base 5, what is -4 - 231421?
-231430
In base 16, what is -2 - -3fd?
3fb
In base 3, what is -1020 + 11010?
2220
In base 8, what is -1 - -4466?
4465
In base 7, what is 451 + 0?
451
In base 4, what is -113 + -132?
-311
In base 4, what is 11 + 1311302?
1311313
In base 9, what is -186 - 11?
-207
In base 10, what is 3809 + -2?
3807
In base 12, what is 1 + 1a?
1b
In base 9, what is 0 + -72?
-72
In base 9, what is 75 - 1?
74
In base 3, what is 1211 + 101?
2012
In base 6, what is -1 - -23212?
23211
In base 8, what is 40 + 12?
52
In base 11, what is 5 - -48?
52
In base 6, what is -5021 - -3?
-5014
In base 15, what is -2 - -ab3?
ab1
In base 12, what is -2b - a3?
-112
In base 11, what is -544 + 0?
-544
In base 11, what is -315 - 0?
-315
In base 6, what is 3 + -43?
-40
In base 15, what is -2 + -2621?
-2623
In base 6, what is 553 + -2?
551
In base 10, what is -6 - 560?
-566
In base 13, what is 3c + 1?
40
In base 5, what is 14223 - 2?
14221
In base 4, what is -111 - -1?
-110
In base 5, what is 3 - -132400?
132403
In base 16, what is 2 + b0?
b2
In base 9, what is -87 + -5?
-103
In base 8, what is 550 + 2?
552
In base 13, what is 4 - -150?
154
In base 13, what is 1732 + -6?
1729
In base 2, what is -101111000 - 0?
-101111000
In base 14, what is -275 + 1?
-274
In base 5, what is -320 - 1001?
-1321
In base 6, what is -3 + -1505?
-1512
In base 13, what is 1 - 1?
0
In base 12, what is 2400 - -4?
2404
In base 12, what is -53 + 3?
-50
In base 13, what is 3 - 47?
-44
In base 9, what is -2534 + 0?
-2534
In base 6, what is -41514 - -2?
-41512
In base 5, what is 104 + -243?
-134
In base 7, what is -506 + 2?
-504
In base 11, what is -2 + 12?
10
In base 5, what is -4134 - 10?
-4144
In base 4, what is 0 + 1201?
1201
In base 7, what is 15 - -12?
30
In base 13, what is -395 + 7?
-38b
In base 2, what is 1011111001011011 + -1?
1011111001011010
In base 9, what is -8 - -243?
234
In base 6, what is -42 - 42?
-124
In base 9, what is -4 + -1006?
-1011
In base 15, what is -d4b + -5?
-d51
In base 2, what is 110 - -10110000110?
10110001100
In base 16, what is -10 - -7?
-9
In base 6, what is 33 + 141?
214
In base 9, what is -4 + 10?
5
In base 5, what is 1 + -301?
-300
In base 12, what is 5 + 15?
1a
In base 12, what is -950 - -6?
-946
In base 7, what is 41 - 6?
32
In base 14, what is 3d5 + -5?
3d0
In base 14, what is 91 - -3?
94
In base 12, what is -30 + 157?
127
In base 13, what is 6 - 29?
-23
In base 4, what is -2 - 100?
-102
In base 16, what is 2 - 1f?
-1d
In base 8, what is 311 + 222?
533
In base 7, what is 3255 + -31?
3224
In base 12, what is -812a - 0?
-812a
In base 16, what is 344 + -3?
341
In base 5, what is -3 + -44?
-102
In base 3, what is -1 - -1220210?
1220202
In base 12, what is -4a + 7?
-43
In base 16, what is 1 - -91?
92
In base 16, what is 8 + 65?
6d
In base 15, what is 4cc - -5?
4d2
In base 15, what is 1 + 15?
16
In base 5, what is 123 + 0?
123
In base 13, what is -c2 + 8?
-b7
In base 5, what is 10 - 1004?
-444
In base 13, what is -9 + 9?
0
In base 5, what is 140 + -1?
134
In base 15, what is 0 + 113d?
113d
In base 7, what is -164 - -235?
41
In base 12, what is -2 - -80?
7a
In base 10, what is -6 - -23?
17
In base 16, what is a6cd + -4?
a6c9
In base 16, what is 8 + 62?
6a
In base 12, what is -1 + 8b1?
8b0
In base 9, what is 0 + 1055?
1055
In base 15, what is 4 - 14?
-10
In base 15, what is 6 - 5?
1
In base 3, what is -1010 + 12?
-221
In base 10, what is 132 - -7?
139
In base 16, what is 4 + -31?
-2d
In base 6, what is -511 + -3?
-514
In base 15, what is 2 - -172?
174
In base 14, what is -22b - -1?
-22a
In base 4, what is -21132 + 0?
-21132
In base 12, what is -581 - -2?
-57b
In base 11, what is 1176 - 10?
1166
In base 13, what is 17 - -1c?
36
In base 4, what is 32 + 20?
112
In base 6, what is -1002 + 4?
-554
In base 2, what is -101 - -1111101010?
1111100101
In base 9, what is 47 - 334?
-276
In base 11, what is 3 - 997?
-994
In base 15, what is 6 + 3b?
42
In base 6, what is 1 - 314?
-313
In base 6, what is -30301 + 5?
-30252
In base 7, what is -5 - 55?
-63
In base 4, what is -12010 + 1?
-12003
In base 15, what is -77 - -1?
-76
In base 16, what is 5 - -551?
556
In base 2, what is -111111000 + -100?
-111111100
In base 8, what is -1 - -36?
35
In base 14, what is -44d + 4?
-449
In base 3, what is -2112021 + 12?
-2112002
In base 10, what is 10 + 107?
117
In base 10, what is -8 - 992?
-1000
In base 12, what is 5 - baa?
-ba5
In base 11, what is -1 - -1066?
1065
In base 4, what is -102 - 11?
-113
In base 16, what is -1d - 7?
-24
In base 8, what is -51206 + 0?
-51206
In base 7, what is 23 - 125?
-102
In base 6, what is 10 - -113?
123
In base 6, what is 1045 + 1?
1050
In base 16, what is -1 - 14?
-15
In base 14, what is -38 - -6?
-32
In base 16, what is -23b - -2?
-239
In base 7, what is -223 + 6?
-214
In base 7, what is 5 - 55?
-50
In base 2, what is -110 - -10101100?
10100110
In base 10, what is -1 - -211?
210
In base 5, what is 2122 - -2?
2124
In base 8, what is -533 - -3?
-530
In base 9, what is 0 - 6216?
-6216
In base 10, what is 19 - 14?
5
In base 3, what is 12022 + -12?
12010
In base 14, what is 2581 + 4?
2585
In base 11, what is -4a - 44?
-93
In base 9, what is 582 - 0?
582
In base 14, what is -25b3 - -2?
-25b1
In base 10, what is -1090 + 4?
-1086
In base 4, what is 212 - -10?
222
In base 15, what is bb1 + 0?
bb1
In base 16, what is -2a3 - 2?
-2a5
In base 3, what is 10 - 20011?
-20001
In base 14, what is -28 - 3?
-2b
In base 6, what is 1 + -53?
-52
In base 5, what is 2 - 23040?
-23033
In base 16, what is -1 + -7?
-8
In base 11, what is 6 - -a?
15
In base 7, what is 1255 - 6?
1246
In base 15, what is -6 - 36c?
-373
In base 13, what is 2923 - 1?
2922
In base 4, what is -22 + 31322?
31300
In base 2, what is -100000001 + 1001?
-11111000
In base 3, what is 2 + 2002?
2011
In base 12, what is -27 - -220?
1b5
In base 8, what is 7 + 12?
21
In base 3, what is -12 + 2211?
2122
In base 2, what is 11 - 10001?
-1110
In base 2, what is 10001101 + 1000111?
11010100
In base 7, what is -6 - -151?
142
In base 9, what is -4036 + -5?
-4042
In base 14, what is -410 + -5?
-415
In base 4, what is 0 + 110321?
110321
In base 7, what is -2323 + -1?
-2324
In base 10, what is -4 + 435?
431
In base 16, what is 2e - 12?
1c
In base 8, what is 23747 - 3?
23744
In base 8, what is 366 - -3?
371
In base 11, what is 4962 + 5?
4967
In base 8, what is 13 - -10?
23
In base 3, what is -10110 + 10220?
110
In base 9, what is 8134 + 2?
8136
In base 4, what is 11 - 2013?
-2002
In base 7, what is 1332 - 31?
1301
In base 5, what is 0 - 22434?
-22434
In base 9, what is -5 - 345?
-351
In base 12, what is -57 - 6?
-61
In base 11, what is -4 + -74?
-78
In base 11, what is 338 + 0?
338
In base 11, what is 191 - 12?
17a
In base 12, what is -1 - 264?
-265
In base 12, what is 105 + 10?
115
In base 4, what is 30 + 23322?
30012
In base 4, what is -3 - 321321?
-321330
In base 5, what is -341 + -412?
-1303
In base 13, what is 23 - -b?
31
In base 8, what is -516 + -2?
-520
In base 13, what is -7 + -201?
-208
In base 13, what is -5 + 21?
19
In base 12, what is -4 + -978?
-980
In base 15, what is -2 + -1?
-3
In base 6, what is 12250 + 3?
12253
In base 8, what is -1 - 1?
-2
In base 4, what is -13013 - -10?
-13003
In base 13, what is 2 - -a?
c
In base 8, what is 0 - 1361?
-1361
In base 4, what is -11210220 + 2?
-11210212
In base 13, what is 375 + 0?
375
In base 14, what is -4 + -1?
-5
In base 9,